67)/h - (-3 - 45/(-12)). Let i = -94 + d. Is i composite?
True
Let i(u) = 46*u**2 + 23*u - 4. Let x be i(-22). Suppose 6*z - x - 4592 = 0. Is z a prime number?
True
Suppose g - b = -2*b + 291, 3*b - 6 = 0. Let k = 252 + g. Is k prime?
True
Let z(b) = 21*b + 47. Let x be z(-26). Let p = 984 + x. Is p composite?
True
Is (1 + 0 - -1372)/(-68 + 69) prime?
True
Let w be 1/(-2) + (-2019855)/(-178). Suppose 6*s = 10511 + w. Is s composite?
False
Suppose 3*x - 20 = -5*v, -4*x + 8 = 4*v - 0*v. Let b(q) = 92*q - 3. Let n(l) = 46*l - 2. Let p(h) = 6*b(h) - 11*n(h). Is p(v) a composite number?
True
Let c be 2*1*15/10. Is (1 + (-8802)/12 + c)*-22 a prime number?
False
Suppose -6369 = -j + h, 11949 + 791 = 2*j - 3*h. Let r = 21094 - j. Is r a prime number?
False
Suppose 0 = -2*j - 6, 0*z - 3*z - 4*j = 3. Suppose -1062 - 198 = -z*r. Let x = -215 + r. Is x composite?
True
Suppose 4*n - 5*k = 5*n + 12, k + 6 = n. Let a(g) = 8754*g + 143. Is a(n) a prime number?
False
Let k(o) = 4*o**2 + 2*o + 1. Let p be k(-1). Suppose p*v - 4*y = -34, 4*v = 5*v + 3*y - 6. Is (-6059)/(-9) + v/27 a composite number?
False
Suppose -57*l + 62*l = 534005. Is l a prime number?
True
Suppose -27 = -5*m + 3*z - 7, -4*m - 3*z = -16. Let w(y) = 237*y**3 + 5*y**2 - 3*y + 17. Is w(m) a prime number?
False
Let k = -789103 + 1406292. Is k a composite number?
False
Let g = -76 + 110. Suppose -3*o + g = 5*j, 3*j = -3*o + 21 + 3. Is (-3)/o*-1 + -1 + 226 composite?
True
Is 18361986/42 + 104/(-91) a prime number?
False
Let u be -3 + 2 + -3 - (-8 + 5788). Let x = -2863 - u. Is x composite?
True
Let l(w) = -10158*w + 6121. Is l(-30) a prime number?
True
Let p(k) be the second derivative of 549*k**5/20 - k**4/12 + 3*k**3 - 33*k**2/2 - k - 90. Is p(2) a composite number?
False
Let v = -8953 + 265170. Is v composite?
True
Let o = -140081 - -415822. Is o a prime number?
True
Let u(h) = -h**2 - 6*h - 5. Let k be u(-3). Let w be ((0 - 12) + k)/(-2). Suppose w*x = 4114 - 974. Is x composite?
True
Let l be 5*((-21)/(-5) - 3)*1. Let a(m) = 169*m - 23 - 8 - 6. Is a(l) prime?
True
Suppose 5*u = -6 + 1. Let x be u + -1 + -2 + 2836. Suppose -5*d + x + 333 = 0. Is d a prime number?
False
Suppose 2*i = -17 + 19. Let j(n) = -2203*n - 25. Let h(l) = -551*l - 6. Let b(z) = -9*h(z) + 2*j(z). Is b(i) prime?
True
Let o(h) = 2206*h**2 - 4*h + 3. Let d(z) = -2204*z**2 + 3*z - 2. Let k(x) = 6*d(x) + 7*o(x). Is k(2) prime?
True
Let j be (-448)/(-24) + 1/3. Suppose 3*f - j = m, -2*f - m + 29 = f. Suppose 22*g = f*g + 1302. Is g a prime number?
False
Let d(f) = f**3 + 58*f**2 + 53*f - 33. Let r(c) = -c**3 - 56*c**2 - 52*c + 31. Let x(p) = -2*d(p) - 3*r(p). Is x(-24) a prime number?
False
Suppose 2*o = 7*o + 3*v - 44124, o = v + 8820. Let c = o + -6012. Is c a prime number?
False
Let a = -614 - -1002. Let x(j) = j**2 + 8*j - 8. Let b be x(7). Suppose b = -z + a. Is z a composite number?
True
Let u(l) = 0 + 9*l**2 + 0 + 3*l + 4 - 1. Let a be u(5). Is (a - (7 + -3))/1 composite?
False
Suppose -279*r = -245*r - 678674. Is r a composite number?
False
Suppose 40*g - 38*g = -156. Let w = g + 87. Let f(y) = 3*y**3 - 5*y**2 - 14*y + 23. Is f(w) a prime number?
False
Let o(m) = -5*m**3 - 2*m**2 - 7*m - 7. Let c be o(-2). Is (-1346 + 0)*c/(-78) a composite number?
False
Let s be -7*((3 - 3) + -3). Let h = 25 - s. Suppose h*u - o = -2*o + 2524, -631 = -u - 4*o. Is u composite?
False
Let g(p) = -p**3 + 13*p**2 - 22*p + 7. Let r(c) = -2*c**2 - 17*c + 13. Let i be r(-9). Suppose -k - i*k + 50 = 0. Is g(k) composite?
True
Let g be 1785 + 0 + 1 - (2 - 1). Suppose -j + 407 = c, -4*c + 550 = -3*j + g. Is j composite?
False
Suppose 0 = 52*z - 48*z - 170348. Is z prime?
False
Let j(k) = 8*k**3 - 2*k**2 - 4. Let s(u) = 16*u**3 - 4*u**2 - 9. Let h(r) = -9*j(r) + 4*s(r). Let z be h(-3). Suppose 4*d - 1246 + z = 0. Is d a prime number?
False
Let w(a) = -15*a - 26. Let g be (2*(-8)/4)/(2/(-45)). Let v = -105 + g. Is w(v) prime?
True
Suppose 0 = 28*o - 3*o - 9819812 - 942138. Is o a composite number?
True
Is (-4854309)/(-734)*(-1)/(6/(-68)) prime?
False
Let k be 13055/(-14)*(3 - 162/10). Suppose -25*x = -28*x + k. Is x composite?
True
Suppose -5*r + 10 + 15 = 0. Suppose -14 = -3*x - r. Suppose 3*k + 145 = 2*y - 137, x*k - 564 = -4*y. Is y composite?
True
Suppose 0 = -2*c - 2477 - 1553. Let h = 38 - c. Suppose h = -y + 2*y. Is y composite?
False
Let j(k) = -2*k**3 - 22*k**2 - 15*k - 7. Let r be j(-20). Suppose -7*w = -r + 1144. Is w prime?
True
Let s be (4/(-12))/(1/(-51)). Suppose 58969 = s*f - 19962. Is f prime?
True
Let r(y) = 272*y + 80. Let n be r(-19). Let q = n + 8431. Is q composite?
False
Let w(q) be the second derivative of 37*q + 167/2*q**3 + 0 - q**2. Is w(5) prime?
True
Let c = 2878 + 218. Suppose -4*k + 6182 = -2*a, 2*k - c = a + a. Is k a composite number?
False
Suppose 2*m - 245 = -259. Let r(z) = -8*z**3 - 8*z**2 + z + 12. Is r(m) prime?
True
Suppose -p + 2*x - 8995 = 0, -5*p - 2*x - 44943 = -4*x. Let y = -6144 - p. Is y a prime number?
True
Let s(b) = -18*b**3 + 19*b**2 - 37*b - 173. Is s(-15) a prime number?
True
Suppose 5*t - 374 = 6226. Let v = 32083 - t. Is v a composite number?
False
Suppose 2*s - 16 = -2*l, -5*s + s + 37 = 5*l. Suppose -9*i = s*i - 37308. Is i a composite number?
False
Suppose -9*q = 17*q - 400151 - 201983. Is q prime?
True
Let f(c) = c**3 - 13*c**2 - 14*c + 7. Let b be f(14). Suppose -b*t + 8*t = 1867. Is t composite?
False
Suppose 3*l - r - 1261359 = 0, 3*l - 1684279 = -4*r - 422950. Is l prime?
False
Let w(t) = 369*t**2 - t. Let d be w(-2). Suppose 4*b - 3*c = 1969, -3*b + 0*b = -2*c - d. Suppose 2*p - b = 474. Is p a prime number?
False
Is (-6)/(-14) + (-53314516)/(-714)*(2 + 1) a composite number?
False
Let t = 28 - 28. Let k be 2 + -6 + 0 - t. Is 6/k - 10593/(-18) prime?
True
Suppose -5*n - 6130 = -h, 3*h + 0*n - n = 18460. Suppose -p = 24 - 23, 4*p = -3*g + h. Is g a prime number?
True
Suppose -3*k + 2*k + 3*d = -7, -5*k + 3*d + 23 = 0. Suppose -5*h + 37 = -k*u - 3714, -4*h + 3007 = 3*u. Is h composite?
False
Let i(k) = -k**3 + 2*k**2 + 2234. Let m(x) = -x**3 + 10*x**2 - 27*x + 10. Let q be m(5). Is i(q) a prime number?
False
Suppose 7*c = -11*c + 648680 + 1111198. Is c a prime number?
True
Let r(d) = 35047*d + 4630. Is r(13) a composite number?
True
Let a be (-4)/(-10) + 91/(-105)*-3. Let y(l) = 54*l**3 - 9*l**2 + 5*l + 7. Is y(a) prime?
True
Let d be ((-886)/(-2) - 4)*-1. Let l = d + 167. Let y = l + 481. Is y composite?
True
Suppose 370 = 4*u + 322. Is 2931 + 20*u/30 a prime number?
True
Let f = 22 + -7. Suppose -5*j = -f - 10. Let a(h) = 23*h**3 - 7*h**2 - h + 10. Is a(j) composite?
True
Let w(t) = 69999*t + 161. Is w(2) a composite number?
False
Let g(q) = -54*q**3 + 7*q**2 + 78*q - 23. Is g(-8) composite?
False
Suppose 862035 = -25*a - 13*a + 2123065. Is a a prime number?
False
Let h = 3542 - 1235. Let r = h - 1564. Is r a prime number?
True
Let k(n) = n**2 + 3*n - 8. Suppose 4 = -l - 6. Let s be k(l). Let r = 85 - s. Is r composite?
False
Let k(g) = -g**3 - 9*g**2 + 10*g + 3. Let z be k(-10). Suppose -5*b + 23 = z. Suppose -b*i + 930 + 2407 = 5*m, -4*m = 4*i - 3340. Is i prime?
False
Let o be -10 - -9 - (-3)/(6/(-280)). Let l = o + 497. Let f = 714 - l. Is f composite?
True
Let f = -40 + 42. Let d(l) = 106*l**3 - 2*l**2 + l + 2. Let g be d(f). Suppose 0 = n + 131 - g. Is n a prime number?
False
Suppose -4*z + 3*t = -113, -9 = -12*t + 15*t. Let l(x) = 4*x**2 - 68*x + 41. Is l(z) composite?
False
Suppose 0 = 6*y + 21 - 33. Suppose 3*q + 3 = 0, y*i - 330 = 3*q - 37. Is i composite?
True
Is (((36/(-8))/(-3))/(-3))/((-78)/502476) a prime number?
True
Suppose -3*l + 2*p = p - 18, 0 = -2*p. Suppose -4*x + 10 = -l. Let z(u) = 9*u**3 - u**2 - 4*u - 3. Is z(x) a composite number?
False
Suppose -5*n - 5*k = 5590, -14*k = -12*k + 10. Let p(r) = -2396*r**2 + r - 1. Let f be p(1). Let j = n - f. Is j a prime number?
True
Let i be 42/147 - 61/(-7). Let q = i - 4. Suppose -5005 = -q*c + 5*d, -4*c + 2004 = -2*c - d. Is c a prime number?
False
Let k(l) = l**2 - 12*l + 2. Let t be k(7). Let s = t - -33. Is (40/80)/(1/446 - s) a prime number?
True
Suppose 21*l - 17307 = 30*l. Let b = l - -4574. Is b a composite number?
True
Let z(o) = 2*o**3 - 2*o**2 + 3*o - 2. Let v be z(2). Let c = v - 10. Suppose -154 = -c*x 